 - 20 - 16*o**2 - 248*o. Give u(-14).
22
Let o(d) = 123*d + 6 + 6 - d**2 - 131*d - 3. Let w = -18 + 9. Let x = 1 + w. Determine o(x).
9
Let n(a) = -a. Let m(q) = -2*q. Let j(c) = -m(c) + 4*n(c). Let s be (1 + 9 - 792/78) + 48/(-26). Determine j(s).
4
Let q(n) = 13*n - 4. Let l(t) = -4*t + 1. Let y(j) = -10*l(j) - 3*q(j). Let r = -12 + 24. Suppose 3*m + r = 0, -3*m = -5*w - 4*m - 34. Determine y(w).
-4
Let i(s) = -9*s**2 - 5*s + 22. Let b(a) = -21*a**2 - 11*a + 49. Let d(v) = -4*b(v) + 9*i(v). Calculate d(1).
4
Let s = 82 + -63. Suppose -13*f - 18 = -s*f. Let h(u) = 2*u - 3. What is h(f)?
3
Let q(d) = -40*d + 27953 + 27937 - 55932. Calculate q(-1).
-2
Let l(f) = -f**3 - 4*f**2 + 5*f. Let p(w) = w**2 + 14*w. Let u be p(-9). Suppose 2*x = -5*b - 95, -x + 92 = -3*x - 4*b. Let j = u - x. Give l(j).
0
Let n(i) = i - 1. Let u(x) = 20*x**3 + 2*x**2 + x - 1. Let q be u(-1). Let s be ((-48)/30)/(4/q). Give n(s).
7
Let k(b) = -212 + 49 + 167*b - 160*b. What is k(28)?
33
Let b = -237 - -244. Let k(w) = -7 + 0*w - b*w - 1 + 9. Give k(-2).
15
Let i(n) = -77*n + 97. Let f(x) = 32*x - 41. Let s(p) = 29*f(p) + 12*i(p). Determine s(22).
63
Let t(f) be the first derivative of f**2/2 - 49. Let j(z) = 20*z. Let q(m) = j(m) - 16*t(m). What is q(-6)?
-24
Let m(l) = 3*l + 2. Let d(c) = -c**2 + c + 10. Let t be d(0). Let z(y) = 3*y - 20. Let h be z(t). Suppose 5*f + 3*a = -2*a - h, -2*a = -2. What is m(f)?
-7
Let u(l) = 35*l**3 - 31*l**2 - 42*l - 32. Let c(r) = -22*r**3 + 20*r**2 + 28*r + 21. Let d(n) = -8*c(n) - 5*u(n). Give d(7).
-8
Let z(p) be the third derivative of -p**4/24 + p**3/3 - 10870*p**2. Let m(t) = t**3 - t + 6. Let k be m(0). Calculate z(k).
-4
Suppose -22*f + 2486 = 91*f. Let h(x) = -3*x**2 + 65*x + 2. Give h(f).
-20
Let j(f) = -f**2 + 10*f + 3. Let k(n) = 5*n**2 + 32*n + 4. Let u(o) = -2*o**2 - 11*o - 1. Let i(a) = 3*k(a) + 8*u(a). Let b(l) = 6*i(l) - 5*j(l). What is b(0)?
9
Let f(o) = 1059*o**2 + 1089*o**2 + 4 - 2149*o**2. Let s be 2/(-7) + (-19)/7. Give f(s).
-5
Let f(l) = 6*l**2 - 265*l - 1100. Let q be f(48). Let t(a) = a**3 - 2*a**2 - 3*a - 11. Calculate t(q).
9
Let g = 76 - 64. Suppose 16*y + g = 460. Let o(w) = 37 - 71 + y - w. Calculate o(-9).
3
Let p(i) = 3*i - 1 + i**2 - i - 5 + 3*i**2 - 12*i**3. Let w(r) = -11*r**3 + 3*r**2 + 2*r - 5. Let x(s) = -4*p(s) + 5*w(s). Suppose -y + 3 = 2*y. What is x(y)?
-7
Let i(j) be the first derivative of -40 - 1/3*j**3 - 9*j - 11/2*j**2. Determine i(-11).
-9
Let y(d) = -2*d - 4. Let c(z) = -2*z**3 - 29*z**2 - 15*z - 17. Suppose 13*j + 102 = -80. Let x be c(j). What is y(x)?
2
Let z(g) = 4*g - 6. Let q be z(4). Let i(k) be the second derivative of k**3/6 + 3*k**2/2 + 176*k + 3. What is i(q)?
13
Suppose 0 = 3*i - 3, -m + 5*i - 3 = i. Let x be 1/((-2)/(-8)) + m. Let c(q) = -q + 1. Let k(v) = v. Let s(h) = c(h) + 3*k(h). Determine s(x).
11
Let d(f) = 4*f**2 - 7*f - 4. Let u(r) = 6*r**2 - 15*r - 7. Let k(p) = -5*d(p) + 3*u(p). Calculate k(-3).
11
Suppose 8*f - 180 + 1068 = 0. Let w = f + 115. Let v(c) = 3*c - 4. Calculate v(w).
8
Let s(m) = m**3 - 5*m**2 + 7*m + 7. Let k be s(3). Let q be 40/25*k/(-4). Let v(g) = -3*g**2 - 4*g + 1. Determine v(q).
-31
Let c(q) be the third derivative of -q**6/120 + q**5/60 - q**4/24 - q**3/6 + q**2. Suppose 0 = -1349*l + 1296*l + 106. Give c(l).
-7
Let p = 5 - 10. Let n(f) be the third derivative of -25*f**2 + 1/24*f**4 + 0*f + 3 + 1/3*f**3. Determine n(p).
-3
Let t(h) = -h + 9. Let p(d) = d**2 + 34*d + 109. Let z(c) = -p(c) - 6*t(c). What is z(-7)?
-16
Let k(z) = 916 - z**3 - 4*z + 912 - 1825. Let b = -6 + 9. Calculate k(b).
-36
Let s(j) = 239*j + 21. Let g(u) = -195*u - 21. Let z(a) = -6*g(a) - 5*s(a). Calculate z(6).
-129
Let a(f) be the first derivative of f**2/2 + 102*f - 4648. Calculate a(0).
102
Let o(j) = -j - 3. Let n = 366 - -13. Let k = n - 375. What is o(k)?
-7
Let z(s) be the first derivative of -s**4/12 + 11*s**3/6 - 6*s**2 + 52*s - 23. Let k(g) be the first derivative of z(g). Let m = 5 + 4. Give k(m).
6
Let i(v) = 3*v**2 - 6*v. Let n(s) = -7*s**2 + 14*s - 1. Suppose 14*t - 7*t = -35. Let g(l) = t*i(l) - 2*n(l). Determine g(3).
-1
Let r(h) = 7007*h**2 + 885*h + 18 + h**3 - 880*h - 7001*h**2. What is r(-4)?
30
Suppose 338*q + 44 = -375 - 595. Let o(i) = -39*i - 78. Calculate o(q).
39
Let b(g) be the first derivative of g**4/4 + 5*g**3/3 - 5*g**2 - 7*g - 1. Suppose 0 = 2*o + 4*a + 12, -53*a + 51*a - 18 = 3*o. Calculate b(o).
17
Suppose 0 = 193*k - 908 - 829. Let a(x) = 13*x - 75. Calculate a(k).
42
Let d be 2/28 + (-248061)/(-462). Let y = -544 + d. Let n(w) be the second derivative of -w**3/3 - 9*w**2/2 - w. Determine n(y).
5
Let t = 87 - 95. Let h(u) be the third derivative of 0 + 1/60*u**5 + 5/24*u**4 - 3/2*u**3 + 0*u + 9*u**2. Give h(t).
15
Suppose 0*i + 12 = -4*i. Let s(p) = -104*p**3 + 17*p**2 - 7*p + 9. Let f(y) = -46*y**3 + 8*y**2 - 3*y + 4. Let n(j) = 9*f(j) - 4*s(j). What is n(i)?
-21
Let j(g) = -3*g + 3*g + 6 + 1 - g. Let u be 4/32 + 972/(-96) + 17. Determine j(u).
0
Suppose -5*h + 32 = 12, 0 = 4*v + 3*h - 28. Let x(g) = 2*g - 27. What is x(v)?
-19
Suppose 8*l = 9*l. Let a(c) = 4*c - 4*c - 111*c**2 + 110*c**2. Let g(m) = 2*m**2 - m - 1. Let j(f) = -3*a(f) - g(f). Determine j(l).
1
Suppose -4*x = 3*w - 84, 4*w = -2*x - w + 28. Suppose 12 = -27*z + x*z. Let k(h) be the second derivative of h**4/12 - h**3/6 + h**2/2 - h + 39. What is k(z)?
21
Let s be -3 + (4 - 1) - 5/5. Let b(k) = k + 4. Let m be b(2). Let g(h) = 9*h - 6. Let c(a) = -10*a + 7. Let v(u) = m*g(u) + 5*c(u). Give v(s).
-5
Let v = 1337 + -1333. Suppose -v*o + 31 = 59. Let h(s) be the third derivative of s**6/120 + 7*s**5/60 - 5*s**3/6 + s**2. Calculate h(o).
-5
Let z(f) = -f**2 + 20*f - 57. Suppose -8*i + 1 = 36*i - 175. Calculate z(i).
7
Let f be ((112/4)/(-4))/(-1). Suppose 8*w + 4*n - f = 3*w, -3*w - 4*n + 1 = 0. Let o(v) = -509 + 0*v**w - v**3 + 512 - 5*v - 6*v**2 + 0*v. What is o(-5)?
3
Let r(t) be the third derivative of t**5/60 - t**4/6 + t**3/2 + 835*t**2. Determine r(-6).
63
Let j(x) = -x**3 + 4*x**2 + 3. Suppose -35 = -19*s - 8224. Let c = -427 - s. Calculate j(c).
3
Let l(x) = 16*x - 629. Let u be l(38). Let c(t) = t**3 + 22*t**2 + 23*t + 37. What is c(u)?
-5
Let w(q) = -12*q + 12. Let g be w(1). Suppose g = -4*a - 3*t - 16 - 13, 3 = -a - 5*t. Let m(r) = r**2 + 7*r - 11. Give m(a).
-3
Let z(n) = 186535 + n - 93265 - 93270 - 2*n**2. Suppose 1 - 16 = -5*d. What is z(d)?
-15
Let o(s) = s**2 + 42*s + 143*s - 60 - 165*s. Calculate o(-22).
-16
Let r(h) = -h**2 + 36*h + 108. Let f(k) = k**3 + 16*k**2 - 7*k - 115. Let q be f(-16). Determine r(q).
-9
Let g(t) = -t**2 - 10*t + 78. Let j be g(-15). Let q(d) = 6*d**2 + 28*d**j - 3 - 2*d - 27*d**3 + 5*d. Calculate q(-5).
7
Let i(t) be the first derivative of 43 - 14*t - 1/2*t**2. Calculate i(-5).
-9
Let w(h) = 3 + 3 - 8*h + 3. Let x(t) be the third derivative of -t**4/12 + t**3/3 - 687*t**2. Let u(g) = 2*w(g) - 9*x(g). Calculate u(6).
12
Let i(o) be the third derivative of -o**6/40 + o**5/60 - 32*o**2. Let b = 456 - 457. What is i(b)?
4
Let y(w) = -41*w**2 + 412*w + 6. Let j be y(10). Let v(t) = -t**2 + 28*t - 53. Calculate v(j).
-1
Let p(d) = -194 + 355 - 165 - d. Let r be (-22)/(-1 + -2 - -1). Let k = -15 + r. Give p(k).
0
Let f(r) be the second derivative of r**5/20 - 13*r**4/12 + 13*r**3/6 + 2*r**2 + 2260*r. Calculate f(12).
16
Let r = -70 - 63. Let k = -131 - r. Let c(l) = -4*l + 7 + 7*l + k*l - 6*l. Determine c(9).
-2
Let s(k) = k**2 + 7*k + 7. Let j(z) = -4*z**2 - 20*z - 22. Let a(c) = -2*j(c) - 7*s(c). Suppose -3*q + 33 = f, 84 = 5*q + 5*f + 19. What is a(q)?
5
Let x(y) = 517*y - 27. Let b be x(0). Let n(w) = -w - 34. Give n(b).
-7
Let s = 12030 + -12024. Let a(o) = 13*o - 53. Give a(s).
25
Let i(v) = 16171*v + 10 + 1 - 16173*v. What is i(17)?
-23
Let x(k) = -15*k + 122. Let u be x(8). Let o(t) = 6 + 0*t + 4*t + 5*t**2 + t**3 - 9*t**u - 16. Give o(4).
6
Let c(k) = 2*k**3 + 6*k**2 + 8*k - 12. Let l(i) = -5*i**3 - 18*i**2 - 23*i + 35. Suppose 15*j = 17*j + 16. Let q(d) = j*c(d) - 3*l(d). What is q(6)?
21
Let a(c) = -c**2 - 5*c + 2. Let b be a(-5). Suppose 113*d + 2340 + 2088 = 149*d. Let w(v) = 61*v**2 + 63*v**b - d*v**2 - 6*v + 10. What is w(7)?
17
Let k be 1*-4*(-32)/64*(-3)/2. Let f(p) = 12*p + 5. Give f(k).
-31
Let j(o) = o**3 - 8*o*